{"id":84884,"date":"2024-05-21T20:36:39","date_gmt":"2024-05-21T18:36:39","guid":{"rendered":"https:\/\/www.proyectodona.org\/?page_id=84884"},"modified":"2024-07-31T13:30:28","modified_gmt":"2024-07-31T11:30:28","slug":"reciclaje-responsable","status":"publish","type":"page","link":"https:\/\/www.proyectodona.org\/index.php\/reciclaje-responsable\/","title":{"rendered":"Reciclaje Responsable"},"content":{"rendered":"<p>[et_pb_section fb_built=\u00bb1&#8243; _builder_version=\u00bb4.25.0&#8243; _module_preset=\u00bbdefault\u00bb background_color=\u00bbrgba(0,0,0,0.74)\u00bb background_image=\u00bbhttp:\/\/www.proyectodona.org\/wp-content\/uploads\/2023\/12\/agency-62-btf-5s.png\u00bb background_blend=\u00bbmultiply\u00bb locked=\u00bboff\u00bb global_colors_info=\u00bb{}\u00bb][et_pb_row _builder_version=\u00bb4.23.2&#8243; _module_preset=\u00bbdefault\u00bb width=\u00bb90%\u00bb max_width=\u00bb1170px\u00bb custom_margin=\u00bb0px||0px||false|false\u00bb custom_margin_tablet=\u00bb0px||0px||false|false\u00bb custom_margin_phone=\u00bb100px||0px||false|false\u00bb custom_margin_last_edited=\u00bbon|phone\u00bb custom_padding=\u00bb0px||0px||false|false\u00bb animation_style=\u00bbslide\u00bb animation_direction=\u00bbtop\u00bb animation_intensity_slide=\u00bb4%\u00bb animation_speed_curve=\u00bbease\u00bb global_colors_info=\u00bb{}\u00bb][et_pb_column type=\u00bb4_4&#8243; _builder_version=\u00bb4.22.2&#8243; _module_preset=\u00bbdefault\u00bb global_colors_info=\u00bb{}\u00bb][et_pb_icon font_icon=\u00bb&#xf111;||fa||900&#8243; icon_width=\u00bb30px\u00bb align=\u00bbleft\u00bb icon_width_tablet=\u00bb30px\u00bb icon_width_phone=\u00bb20px\u00bb icon_width_last_edited=\u00bbon|phone\u00bb _builder_version=\u00bb4.23.2&#8243; _module_preset=\u00bbdefault\u00bb custom_margin=\u00bb0px|10px|0px|90px|false|false\u00bb custom_margin_tablet=\u00bb|||165px|false|false\u00bb custom_margin_phone=\u00bb0px|10px|0px|3px|false|false\u00bb custom_margin_last_edited=\u00bbon|phone\u00bb custom_padding=\u00bb0px||0px||false|false\u00bb custom_css_main_element=\u00bbdisplay:inline-block;\u00bb global_colors_info=\u00bb{}\u00bb][\/et_pb_icon][et_pb_icon font_icon=\u00bb&#xf111;||fa||900&#8243; icon_width=\u00bb30px\u00bb align=\u00bbleft\u00bb icon_width_tablet=\u00bb30px\u00bb icon_width_phone=\u00bb20px\u00bb icon_width_last_edited=\u00bbon|phone\u00bb _builder_version=\u00bb4.25.0&#8243; _module_preset=\u00bbdefault\u00bb custom_margin=\u00bb0px||0px||false|false\u00bb custom_padding=\u00bb0px||0px||false|false\u00bb custom_css_main_element=\u00bbdisplay:inline-block;\u00bb global_colors_info=\u00bb{}\u00bb][\/et_pb_icon][et_pb_text content_tablet=\u00bb<\/p>\n<h2>Mucho m\u00e1s que ayuda<\/h2>\n<p>\u00bb content_phone=\u00bb<\/p>\n<h2>Mucho m\u00e1s que ayuda<\/h2>\n<p>\u00bb content_last_edited=\u00bbon|phone\u00bb _builder_version=\u00bb4.27.0&#8243; _module_preset=\u00bbdefault\u00bb header_font=\u00bbOutfit|700||on|||||\u00bb header_text_align=\u00bbcenter\u00bb header_text_color=\u00bb#FFFFFF\u00bb header_font_size=\u00bb102px\u00bb header_letter_spacing=\u00bb10px\u00bb header_line_height=\u00bb1.1em\u00bb header_2_font=\u00bbOutfit|700|||||||\u00bb header_2_text_align=\u00bbcenter\u00bb header_2_text_color=\u00bb#FFFFFF\u00bb header_2_font_size=\u00bb24px\u00bb header_2_letter_spacing=\u00bb2px\u00bb custom_margin=\u00bb-2px||0px||false|false\u00bb custom_margin_tablet=\u00bb0px||0px||false|false\u00bb custom_margin_phone=\u00bb0px||0px||false|false\u00bb custom_margin_last_edited=\u00bbon|tablet\u00bb custom_padding=\u00bb0px||0px||false|false\u00bb hover_enabled=\u00bb0&#8243; header_font_size_tablet=\u00bb62px\u00bb header_font_size_phone=\u00bb40px\u00bb header_font_size_last_edited=\u00bbon|tablet\u00bb header_letter_spacing_tablet=\u00bb5px\u00bb header_letter_spacing_phone=\u00bb3px\u00bb header_letter_spacing_last_edited=\u00bbon|tablet\u00bb global_colors_info=\u00bb{}\u00bb sticky_enabled=\u00bb0&#8243;]<\/p>\n<h2>Asociaci\u00f3n m\u00e1s que ayuda y reciclaje<\/h2>\n<p>[\/et_pb_text][et_pb_text content_tablet=\u00bb<\/p>\n<h1>Proyecto Dona<\/h1>\n<h1><a href=%22#%22><\/a><\/h1>\n<p>\u00bb content_phone=\u00bb<\/p>\n<h1>Proyecto Dona<\/h1>\n<p>\u00bb content_last_edited=\u00bbon|tablet\u00bb _builder_version=\u00bb4.25.0&#8243; _module_preset=\u00bbdefault\u00bb header_font=\u00bbOutfit|700||on|||||\u00bb header_text_align=\u00bbcenter\u00bb header_text_color=\u00bb#FFFFFF\u00bb header_font_size=\u00bb102px\u00bb header_letter_spacing=\u00bb10px\u00bb header_line_height=\u00bb1.1em\u00bb custom_margin=\u00bb-2px||0px||false|false\u00bb custom_margin_tablet=\u00bb0px||0px||false|false\u00bb custom_margin_phone=\u00bb0px||0px||false|false\u00bb custom_margin_last_edited=\u00bbon|tablet\u00bb custom_padding=\u00bb0px||0px||false|false\u00bb header_font_size_tablet=\u00bb62px\u00bb header_font_size_phone=\u00bb40px\u00bb header_font_size_last_edited=\u00bbon|tablet\u00bb header_letter_spacing_tablet=\u00bb5px\u00bb header_letter_spacing_phone=\u00bb3px\u00bb header_letter_spacing_last_edited=\u00bbon|tablet\u00bb global_colors_info=\u00bb{}\u00bb]<\/p>\n<h1>Reciclaje Responsable<\/h1>\n<p>[\/et_pb_text][et_pb_text content_tablet=\u00bb<\/p>\n<h2>Fundaci\u00f3n San Jos\u00e9 Obrero<\/h2>\n<p>\u00bb content_phone=\u00bb<\/p>\n<h2>Fundaci\u00f3n San Jos\u00e9 Obrero<\/h2>\n<p>\u00bb content_last_edited=\u00bbon|tablet\u00bb _builder_version=\u00bb4.24.2&#8243; _module_preset=\u00bbdefault\u00bb header_font=\u00bbOutfit|700||on|||||\u00bb header_text_align=\u00bbcenter\u00bb header_text_color=\u00bb#FFFFFF\u00bb header_font_size=\u00bb102px\u00bb header_letter_spacing=\u00bb10px\u00bb header_line_height=\u00bb1.1em\u00bb header_2_font=\u00bbOutfit|700|||||||\u00bb header_2_text_align=\u00bbcenter\u00bb header_2_text_color=\u00bb#FFFFFF\u00bb header_2_font_size=\u00bb24px\u00bb header_2_letter_spacing=\u00bb2px\u00bb custom_margin=\u00bb-2px||0px||false|false\u00bb custom_margin_tablet=\u00bb0px||0px||false|false\u00bb custom_margin_phone=\u00bb0px||0px||false|false\u00bb custom_margin_last_edited=\u00bbon|tablet\u00bb custom_padding=\u00bb0px||0px||false|false\u00bb header_font_size_tablet=\u00bb62px\u00bb header_font_size_phone=\u00bb40px\u00bb header_font_size_last_edited=\u00bbon|tablet\u00bb header_letter_spacing_tablet=\u00bb5px\u00bb header_letter_spacing_phone=\u00bb3px\u00bb header_letter_spacing_last_edited=\u00bbon|tablet\u00bb global_colors_info=\u00bb{}\u00bb][\/et_pb_text][\/et_pb_column][\/et_pb_row][\/et_pb_section][et_pb_section fb_built=\u00bb1&#8243; custom_padding_last_edited=\u00bbon|phone\u00bb module_id=\u00bbReciclajeResponsable\u00bb _builder_version=\u00bb4.23.2&#8243; _module_preset=\u00bbdefault\u00bb background_color=\u00bb#000000&#8243; custom_margin=\u00bb0px||0px||false|false\u00bb custom_padding=\u00bb0px||120px||false|false\u00bb custom_padding_tablet=\u00bb0px||114px||false|false\u00bb custom_padding_phone=\u00bb0px||84px||false|false\u00bb locked=\u00bboff\u00bb global_colors_info=\u00bb{}\u00bb][et_pb_row _builder_version=\u00bb4.22.2&#8243; _module_preset=\u00bbdefault\u00bb width=\u00bb90%\u00bb max_width=\u00bb570px\u00bb custom_margin=\u00bb0px||40px||false|false\u00bb custom_padding=\u00bb0px||0px||false|false\u00bb global_colors_info=\u00bb{}\u00bb][et_pb_column type=\u00bb4_4&#8243; _builder_version=\u00bb4.22.2&#8243; _module_preset=\u00bbdefault\u00bb global_colors_info=\u00bb{}\u00bb][et_pb_icon font_icon=\u00bb&#xf111;||fa||900&#8243; icon_width=\u00bb7px\u00bb _builder_version=\u00bb4.23.2&#8243; _module_preset=\u00bbdefault\u00bb custom_margin=\u00bb0px||15px||false|false\u00bb custom_padding=\u00bb0px||0px||false|false\u00bb global_colors_info=\u00bb{}\u00bb][\/et_pb_icon][et_pb_text _builder_version=\u00bb4.23.2&#8243; _module_preset=\u00bbdefault\u00bb header_4_font=\u00bbManrope|||on|||||\u00bb header_4_text_align=\u00bbcenter\u00bb header_4_text_color=\u00bb#5d5d5d\u00bb header_4_font_size=\u00bb14px\u00bb header_4_letter_spacing=\u00bb1.4px\u00bb header_4_line_height=\u00bb1.2em\u00bb custom_margin=\u00bb0px||-5px||false|false\u00bb custom_padding=\u00bb0px||0px||false|false\u00bb global_colors_info=\u00bb{}\u00bb]<\/p>\n<h4>\u00bfen que trabajamos?<\/h4>\n<p>[\/et_pb_text][et_pb_text _builder_version=\u00bb4.23.2&#8243; _module_preset=\u00bbdefault\u00bb header_2_font=\u00bbOutfit|700|||||||\u00bb header_2_text_align=\u00bbcenter\u00bb header_2_text_color=\u00bb#FFFFFF\u00bb header_2_font_size=\u00bb51px\u00bb header_2_line_height=\u00bb1.2em\u00bb custom_margin=\u00bb0px||0px||false|false\u00bb custom_padding=\u00bb0px||0px||false|false\u00bb header_2_font_size_tablet=\u00bb51px\u00bb header_2_font_size_phone=\u00bb30px\u00bb header_2_font_size_last_edited=\u00bbon|phone\u00bb global_colors_info=\u00bb{}\u00bb]<\/p>\n<h2>Reciclaje Responsable<\/h2>\n<p>[\/et_pb_text][\/et_pb_column][\/et_pb_row][et_pb_row column_structure=\u00bb1_2,1_2&#8243; use_custom_gutter=\u00bbon\u00bb gutter_width=\u00bb2&#8243; make_equal=\u00bbon\u00bb _builder_version=\u00bb4.25.0&#8243; _module_preset=\u00bbdefault\u00bb width=\u00bb90%\u00bb width_tablet=\u00bb90%\u00bb width_phone=\u00bb90%\u00bb width_last_edited=\u00bbon|tablet\u00bb max_width_tablet=\u00bb90%\u00bb max_width_phone=\u00bb90%\u00bb max_width_last_edited=\u00bboff|desktop\u00bb custom_padding=\u00bb0px||0px||true|\u00bb global_colors_info=\u00bb{}\u00bb][et_pb_column type=\u00bb1_2&#8243; _builder_version=\u00bb4.19.4&#8243; _module_preset=\u00bbdefault\u00bb custom_padding_tablet=\u00bb||40px||false|false\u00bb custom_padding_phone=\u00bb||40px||false|false\u00bb custom_padding_last_edited=\u00bbon|phone\u00bb animation_direction=\u00bbleft\u00bb global_colors_info=\u00bb{}\u00bb][et_pb_text _builder_version=\u00bb4.23.2&#8243; _module_preset=\u00bbdefault\u00bb header_3_font=\u00bbPoppins|600|||||||\u00bb header_3_text_align=\u00bbleft\u00bb header_3_text_color=\u00bb#ffffff\u00bb header_3_font_size=\u00bb35px\u00bb header_3_letter_spacing=\u00bb-1px\u00bb header_3_line_height=\u00bb1.2em\u00bb max_width=\u00bb500px\u00bb module_alignment=\u00bbleft\u00bb header_3_font_size_tablet=\u00bb\u00bb header_3_font_size_phone=\u00bb30px\u00bb header_3_font_size_last_edited=\u00bbon|phone\u00bb global_colors_info=\u00bb{}\u00bb]<\/p>\n<h3>Proyecto <span style=\"color: #e5097f;\">Dona<\/span>, mucho m\u00e1s que <span style=\"color: #e5097f;\">reciclaje<\/span><\/h3>\n<h3><\/h3>\n<p>[\/et_pb_text][et_pb_image src=\u00bbhttp:\/\/www.proyectodona.org\/wp-content\/uploads\/2020\/09\/WhatsApp-Image-2020-09-03-at-19.41.19.jpeg\u00bb title_text=\u00bbWhatsApp Image 2020-09-03 at 19.41.19&#8243; _builder_version=\u00bb4.25.0&#8243; _module_preset=\u00bbdefault\u00bb filter_opacity=\u00bb60%\u00bb border_width_bottom=\u00bb4px\u00bb border_color_bottom=\u00bb#E5097F\u00bb border_style_bottom=\u00bboutset\u00bb global_colors_info=\u00bb{}\u00bb][\/et_pb_image][\/et_pb_column][et_pb_column type=\u00bb1_2&#8243; _builder_version=\u00bb4.25.0&#8243; _module_preset=\u00bbdefault\u00bb background_color=\u00bb#ffffff\u00bb custom_padding=\u00bb20px|35px|20px|35px|true|true\u00bb custom_padding_tablet=\u00bb\u00bb custom_padding_phone=\u00bb|25px||25px|true|true\u00bb custom_padding_last_edited=\u00bbon|phone\u00bb animation_direction=\u00bbright\u00bb border_radii=\u00bbon|10px|10px|10px|10px\u00bb border_width_top=\u00bb3px\u00bb border_color_top=\u00bb#E5097F\u00bb border_style_top=\u00bbinset\u00bb global_colors_info=\u00bb{}\u00bb][et_pb_accordion open_toggle_text_color=\u00bb#000000&#8243; open_toggle_background_color=\u00bbrgba(0,0,0,0)\u00bb closed_toggle_background_color=\u00bbrgba(0,0,0,0)\u00bb toggle_icon=\u00bb&#xf067;||fa||900&#8243; icon_color=\u00bb#161c2d\u00bb use_icon_font_size=\u00bbon\u00bb icon_font_size=\u00bb20px\u00bb _builder_version=\u00bb4.23.2&#8243; _module_preset=\u00bbdefault\u00bb toggle_text_color=\u00bb#000000&#8243; toggle_font=\u00bbPoppins|600|||||||\u00bb toggle_text_align=\u00bbleft\u00bb toggle_font_size=\u00bb19px\u00bb toggle_line_height=\u00bb2.8em\u00bb body_font=\u00bbRoboto Condensed||||||||\u00bb body_text_align=\u00bbleft\u00bb body_text_color=\u00bb#8e8e8e\u00bb body_font_size=\u00bb17px\u00bb body_line_height=\u00bb1.6em\u00bb custom_padding=\u00bb0px|0px|0px|0px|true|true\u00bb toggle_line_height_tablet=\u00bb1.5em\u00bb toggle_line_height_phone=\u00bb1.6em\u00bb toggle_line_height_last_edited=\u00bbon|phone\u00bb border_width_all=\u00bb0px\u00bb global_colors_info=\u00bb{}\u00bb][et_pb_accordion_item title=\u00bbRECOGIDA SELECTIVA\u00bb open=\u00bbon\u00bb _builder_version=\u00bb4.23.2&#8243; _module_preset=\u00bbdefault\u00bb custom_padding=\u00bb0px|0px|4px|0px|false|true\u00bb global_colors_info=\u00bb{}\u00bb]<\/p>\n<p>Proyecto DONA tiene contenedores homologados para la recogida de ropa por varias ciudades de la provincia de Alicante. Y disponemos de varias furgonetas que hacemos rutas semanales para vaciar nuestros contenedores para llevarlos a nuestra naves.<\/p>\n<p>[\/et_pb_accordion_item][et_pb_accordion_item title=\u00bbRECUPERACI\u00d3N Y RECICLAJE\u00bb _builder_version=\u00bb4.23.2&#8243; _module_preset=\u00bbdefault\u00bb custom_padding=\u00bb0px|0px|4px|0px|false|true\u00bb global_colors_info=\u00bb{}\u00bb open=\u00bboff\u00bb]<\/p>\n<p>Cuando llega la ropa basura recogida de nuestros contenedores en puntos de la provincia de Alicante. Ahora empieza el proceso de selecci\u00f3n de las bolsas de ropa. Cada bolsa la abrimos y lo primero en una zona la ropa infantil y en otra zona la ropa adulta. Segundo pas\u00f3 desinfecci\u00f3n de la ropa. Tercer paso reciclaje y reutilizaci\u00f3n de la ropa para que tenga una segunda oportunidad.<\/p>\n<p>[\/et_pb_accordion_item][et_pb_accordion_item title=\u00bbPREVENCI\u00d3N SANITARIA\u00bb _builder_version=\u00bb4.23.2&#8243; _module_preset=\u00bbdefault\u00bb custom_padding=\u00bb0px|0px|4px|0px|false|true\u00bb global_colors_info=\u00bb{}\u00bb open=\u00bboff\u00bb]<\/p>\n<p>Proyecto DONA cumple con la normativa sanitaria y nuestras VOLUNTARIAS y trabajadoras\/es todos llevan mascarillas y guantes homologados para el buen funcionamiento de la actividad del reciclaje de la ropa.<\/p>\n<p>[\/et_pb_accordion_item][et_pb_accordion_item title=\u00bbVUELTA AL MERCADO\u00bb _builder_version=\u00bb4.23.2&#8243; _module_preset=\u00bbdefault\u00bb custom_padding=\u00bb0px|0px|4px|0px|false|true\u00bb global_colors_info=\u00bb{}\u00bb open=\u00bboff\u00bb]<\/p>\n<p>Proyecto DONA trabaja para buscarle una salida a la ropa para que despu\u00e9s de haber superado una pruebas de selecci\u00f3n y limpieza. Estamos a disposici\u00f3n de las asociaciones y las fundaciones nacionales e internacionales que nos lo soliciten para que la ropa tenga una segunda oportunidad.<\/p>\n<p>[\/et_pb_accordion_item][\/et_pb_accordion][\/et_pb_column][\/et_pb_row][\/et_pb_section]<\/p>\n","protected":false},"excerpt":{"rendered":"<p>Asociaci\u00f3n m\u00e1s que ayuda y reciclajeReciclaje Responsable\u00bfen que trabajamos?Reciclaje ResponsableProyecto Dona, mucho m\u00e1s que reciclaje Proyecto DONA tiene contenedores homologados para la recogida de ropa por varias ciudades de la provincia de Alicante. Y disponemos de varias furgonetas que hacemos rutas semanales para vaciar nuestros contenedores para llevarlos a nuestra naves.Cuando llega la ropa basura [&hellip;]<\/p>\n","protected":false},"author":1,"featured_media":0,"parent":0,"menu_order":0,"comment_status":"closed","ping_status":"closed","template":"","meta":{"_et_pb_use_builder":"on","_et_pb_old_content":"","_et_gb_content_width":"","footnotes":""},"class_list":["post-84884","page","type-page","status-publish","hentry"],"yoast_head":"<!-- This site is optimized with the Yoast SEO plugin v25.4 - https:\/\/yoast.com\/wordpress\/plugins\/seo\/ -->\n<title>Reciclaje Responsable - Proyecto Dona<\/title>\n<meta name=\"robots\" content=\"index, follow, max-snippet:-1, max-image-preview:large, max-video-preview:-1\" \/>\n<link rel=\"canonical\" href=\"http:\/\/www.proyectodona.org\/index.php\/reciclaje-responsable\/\" \/>\n<meta property=\"og:locale\" content=\"es_ES\" \/>\n<meta property=\"og:type\" content=\"article\" \/>\n<meta property=\"og:title\" content=\"Reciclaje Responsable - Proyecto Dona\" \/>\n<meta property=\"og:description\" content=\"Asociaci\u00f3n m\u00e1s que ayuda y reciclajeReciclaje Responsable\u00bfen que trabajamos?Reciclaje ResponsableProyecto Dona, mucho m\u00e1s que reciclaje Proyecto DONA tiene contenedores homologados para la recogida de ropa por varias ciudades de la provincia de Alicante. Y disponemos de varias furgonetas que hacemos rutas semanales para vaciar nuestros contenedores para llevarlos a nuestra naves.Cuando llega la ropa basura [&hellip;]\" \/>\n<meta property=\"og:url\" content=\"http:\/\/www.proyectodona.org\/index.php\/reciclaje-responsable\/\" \/>\n<meta property=\"og:site_name\" content=\"Proyecto Dona\" \/>\n<meta property=\"article:modified_time\" content=\"2024-07-31T11:30:28+00:00\" \/>\n<meta name=\"twitter:card\" content=\"summary_large_image\" \/>\n<meta name=\"twitter:label1\" content=\"Tiempo de lectura\" \/>\n\t<meta name=\"twitter:data1\" content=\"8 minutos\" \/>\n<script type=\"application\/ld+json\" class=\"yoast-schema-graph\">{\"@context\":\"https:\/\/schema.org\",\"@graph\":[{\"@type\":\"WebPage\",\"@id\":\"http:\/\/www.proyectodona.org\/index.php\/reciclaje-responsable\/\",\"url\":\"http:\/\/www.proyectodona.org\/index.php\/reciclaje-responsable\/\",\"name\":\"Reciclaje Responsable - Proyecto Dona\",\"isPartOf\":{\"@id\":\"http:\/\/www.proyectodona.org\/#website\"},\"datePublished\":\"2024-05-21T18:36:39+00:00\",\"dateModified\":\"2024-07-31T11:30:28+00:00\",\"breadcrumb\":{\"@id\":\"http:\/\/www.proyectodona.org\/index.php\/reciclaje-responsable\/#breadcrumb\"},\"inLanguage\":\"es\",\"potentialAction\":[{\"@type\":\"ReadAction\",\"target\":[\"http:\/\/www.proyectodona.org\/index.php\/reciclaje-responsable\/\"]}]},{\"@type\":\"BreadcrumbList\",\"@id\":\"http:\/\/www.proyectodona.org\/index.php\/reciclaje-responsable\/#breadcrumb\",\"itemListElement\":[{\"@type\":\"ListItem\",\"position\":1,\"name\":\"Portada\",\"item\":\"http:\/\/www.proyectodona.org\/\"},{\"@type\":\"ListItem\",\"position\":2,\"name\":\"Reciclaje Responsable\"}]},{\"@type\":\"WebSite\",\"@id\":\"http:\/\/www.proyectodona.org\/#website\",\"url\":\"http:\/\/www.proyectodona.org\/\",\"name\":\"Proyecto Dona\",\"description\":\"Mucho m\u00e1s que ayuda\",\"publisher\":{\"@id\":\"http:\/\/www.proyectodona.org\/#organization\"},\"potentialAction\":[{\"@type\":\"SearchAction\",\"target\":{\"@type\":\"EntryPoint\",\"urlTemplate\":\"http:\/\/www.proyectodona.org\/?s={search_term_string}\"},\"query-input\":{\"@type\":\"PropertyValueSpecification\",\"valueRequired\":true,\"valueName\":\"search_term_string\"}}],\"inLanguage\":\"es\"},{\"@type\":\"Organization\",\"@id\":\"http:\/\/www.proyectodona.org\/#organization\",\"name\":\"Proyecto Dona\",\"url\":\"http:\/\/www.proyectodona.org\/\",\"logo\":{\"@type\":\"ImageObject\",\"inLanguage\":\"es\",\"@id\":\"http:\/\/www.proyectodona.org\/#\/schema\/logo\/image\/\",\"url\":\"http:\/\/www.proyectodona.org\/wp-content\/uploads\/2024\/07\/Logo-mucho-mas-que-ayuda-proyecto-dona.png\",\"contentUrl\":\"http:\/\/www.proyectodona.org\/wp-content\/uploads\/2024\/07\/Logo-mucho-mas-que-ayuda-proyecto-dona.png\",\"width\":481,\"height\":447,\"caption\":\"Proyecto Dona\"},\"image\":{\"@id\":\"http:\/\/www.proyectodona.org\/#\/schema\/logo\/image\/\"}}]}<\/script>\n<!-- \/ Yoast SEO plugin. -->","yoast_head_json":{"title":"Reciclaje Responsable - Proyecto Dona","robots":{"index":"index","follow":"follow","max-snippet":"max-snippet:-1","max-image-preview":"max-image-preview:large","max-video-preview":"max-video-preview:-1"},"canonical":"http:\/\/www.proyectodona.org\/index.php\/reciclaje-responsable\/","og_locale":"es_ES","og_type":"article","og_title":"Reciclaje Responsable - Proyecto Dona","og_description":"Asociaci\u00f3n m\u00e1s que ayuda y reciclajeReciclaje Responsable\u00bfen que trabajamos?Reciclaje ResponsableProyecto Dona, mucho m\u00e1s que reciclaje Proyecto DONA tiene contenedores homologados para la recogida de ropa por varias ciudades de la provincia de Alicante. Y disponemos de varias furgonetas que hacemos rutas semanales para vaciar nuestros contenedores para llevarlos a nuestra naves.Cuando llega la ropa basura [&hellip;]","og_url":"http:\/\/www.proyectodona.org\/index.php\/reciclaje-responsable\/","og_site_name":"Proyecto Dona","article_modified_time":"2024-07-31T11:30:28+00:00","twitter_card":"summary_large_image","twitter_misc":{"Tiempo de lectura":"8 minutos"},"schema":{"@context":"https:\/\/schema.org","@graph":[{"@type":"WebPage","@id":"http:\/\/www.proyectodona.org\/index.php\/reciclaje-responsable\/","url":"http:\/\/www.proyectodona.org\/index.php\/reciclaje-responsable\/","name":"Reciclaje Responsable - Proyecto Dona","isPartOf":{"@id":"http:\/\/www.proyectodona.org\/#website"},"datePublished":"2024-05-21T18:36:39+00:00","dateModified":"2024-07-31T11:30:28+00:00","breadcrumb":{"@id":"http:\/\/www.proyectodona.org\/index.php\/reciclaje-responsable\/#breadcrumb"},"inLanguage":"es","potentialAction":[{"@type":"ReadAction","target":["http:\/\/www.proyectodona.org\/index.php\/reciclaje-responsable\/"]}]},{"@type":"BreadcrumbList","@id":"http:\/\/www.proyectodona.org\/index.php\/reciclaje-responsable\/#breadcrumb","itemListElement":[{"@type":"ListItem","position":1,"name":"Portada","item":"http:\/\/www.proyectodona.org\/"},{"@type":"ListItem","position":2,"name":"Reciclaje Responsable"}]},{"@type":"WebSite","@id":"http:\/\/www.proyectodona.org\/#website","url":"http:\/\/www.proyectodona.org\/","name":"Proyecto Dona","description":"Mucho m\u00e1s que ayuda","publisher":{"@id":"http:\/\/www.proyectodona.org\/#organization"},"potentialAction":[{"@type":"SearchAction","target":{"@type":"EntryPoint","urlTemplate":"http:\/\/www.proyectodona.org\/?s={search_term_string}"},"query-input":{"@type":"PropertyValueSpecification","valueRequired":true,"valueName":"search_term_string"}}],"inLanguage":"es"},{"@type":"Organization","@id":"http:\/\/www.proyectodona.org\/#organization","name":"Proyecto Dona","url":"http:\/\/www.proyectodona.org\/","logo":{"@type":"ImageObject","inLanguage":"es","@id":"http:\/\/www.proyectodona.org\/#\/schema\/logo\/image\/","url":"http:\/\/www.proyectodona.org\/wp-content\/uploads\/2024\/07\/Logo-mucho-mas-que-ayuda-proyecto-dona.png","contentUrl":"http:\/\/www.proyectodona.org\/wp-content\/uploads\/2024\/07\/Logo-mucho-mas-que-ayuda-proyecto-dona.png","width":481,"height":447,"caption":"Proyecto Dona"},"image":{"@id":"http:\/\/www.proyectodona.org\/#\/schema\/logo\/image\/"}}]}},"_links":{"self":[{"href":"https:\/\/www.proyectodona.org\/index.php\/wp-json\/wp\/v2\/pages\/84884","targetHints":{"allow":["GET"]}}],"collection":[{"href":"https:\/\/www.proyectodona.org\/index.php\/wp-json\/wp\/v2\/pages"}],"about":[{"href":"https:\/\/www.proyectodona.org\/index.php\/wp-json\/wp\/v2\/types\/page"}],"author":[{"embeddable":true,"href":"https:\/\/www.proyectodona.org\/index.php\/wp-json\/wp\/v2\/users\/1"}],"replies":[{"embeddable":true,"href":"https:\/\/www.proyectodona.org\/index.php\/wp-json\/wp\/v2\/comments?post=84884"}],"version-history":[{"count":4,"href":"https:\/\/www.proyectodona.org\/index.php\/wp-json\/wp\/v2\/pages\/84884\/revisions"}],"predecessor-version":[{"id":85057,"href":"https:\/\/www.proyectodona.org\/index.php\/wp-json\/wp\/v2\/pages\/84884\/revisions\/85057"}],"wp:attachment":[{"href":"https:\/\/www.proyectodona.org\/index.php\/wp-json\/wp\/v2\/media?parent=84884"}],"curies":[{"name":"wp","href":"https:\/\/api.w.org\/{rel}","templated":true}]}}